ative of a**4/8 + 7*a**3/2 - 10*a**2. What is the remainder when k(6) is divided by 8?
7
Let f = 29 - 21. Let z be (-110)/8 + (-2)/f. Let n = 23 + z. What is the remainder when 22 is divided by n?
4
Let t(s) = s**3 - 7*s**2 + 3*s - 3. Let k(f) = -f + 13. Let h be k(6). Calculate the remainder when 2/3*(-426)/(-4) is divided by t(h).
17
Let q(x) = 9*x**2 - 2*x + 3. What is the remainder when q(2) is divided by ((-350)/(-20) - (-3)/(-2)) + -4?
11
Suppose -q + 4*o + 106 = 0, 4*q - 2*o = 465 + 29. Calculate the remainder when q is divided by 16.
14
What is the remainder when (-3 - -8)*8/5 is divided by 6?
2
Let t = -117 + 124. Let f(c) = -c**2 + 7*c - 1. Let w be f(6). Suppose t*g - w*g - 12 = 0. What is the remainder when 15 is divided by g?
3
Let w be (-24)/(-6) + (130 - -1). Let h = w - 96. Suppose -4*f + h = -381. Calculate the remainder when f is divided by 27.
24
Suppose 5*z - 279 = d, z = -3*z - 2*d + 212. Let b(m) = 3*m + 1. Let r be b(5). Suppose r*y - 21*y = -95. What is the remainder when z is divided by y?
17
Let j = -104 + 108. Suppose j*v = v + 3. Suppose -4*m + 2*d = -2*m + 2, 0 = 4*m + 5*d - 41. Calculate the remainder when m is divided by v.
0
Let u(h) = -7 - 4*h + 4*h**2 - 3*h**2 + 3*h - 7*h. Let w be -1 - ((0 - 2) + 6). What is the remainder when u(w) is divided by 15?
13
Let o = -6 - -24. Let b = 32 - o. Calculate the remainder when 38 is divided by b.
10
Let g = 150 - 138. Calculate the remainder when 237 is divided by g.
9
Suppose -3*h + 9 = 30. Let q = 15 + h. What is the remainder when q is divided by 3?
2
Let n(t) = 1 - 8*t - 27*t - 3*t**2 - 4 + 2. What is the remainder when 61 is divided by n(-11)?
19
Suppose 21*a - 17*a = 280. Suppose -27*u = -25*u - a. What is the remainder when u is divided by 18?
17
Calculate the remainder when (40/36*-3)/(-5 - 365/(-75)) is divided by 1*((-28)/(-2) + 1).
10
Let c(n) = -n**3 + 9*n**2 + n - 7. Let t be c(9). Suppose 5*j = 10*j - 30. What is the remainder when 2 - t/((-4)/42) is divided by j?
5
Let f = 23 - 26. Let q(r) = 2*r**2 + 3. Calculate the remainder when q(f) is divided by 8.
5
Suppose 10 = -5*f, 0 = -w - 2*f + 1 + 11. What is the remainder when 101 is divided by w?
5
Let i(m) = -167*m**3 + m**2 + 9*m + 7. What is the remainder when i(-1) is divided by 84?
82
Let i = 171 + -60. Suppose -3*j - 4*q = 230 + 12, 2*j + 146 = 5*q. Let g = j + i. What is the remainder when g is divided by 12?
9
Let z = 27 + -22. Let p(w) = w**3 - w + 1. Let g be p(0). Let c = g + z. What is the remainder when 10 is divided by c?
4
What is the remainder when 417 is divided by (525/(-60))/(4/(-32))?
67
Suppose i - 38 = 2*f, -5*i - 4*f - 124 = -8*i. What is the remainder when 142 is divided by i?
46
Suppose 20*b - 6*b = 11*b. Suppose -3*d = 4*m - 112, m - 3*d - 23 - 5 = b. Calculate the remainder when m is divided by 15.
13
Suppose 4*v + 0*s - 151 = s, 5*v - 4*s - 186 = 0. What is the remainder when 75 is divided by v?
37
Let p(l) = -l**2 + 8*l - 4. Let u be p(6). Let b = u - 0. Suppose 37 = 3*s - 50. Calculate the remainder when s is divided by b.
5
Let o = -34 - -50. Let k = 16 + -23. What is the remainder when o is divided by (-42)/(-6)*(-10)/k?
6
Suppose 2*q - 201 = -5*c, -7 = 5*q + 3. What is the remainder when 75 is divided by c?
34
Let r = 122 - -436. Calculate the remainder when r is divided by 43.
42
Let v be -492 - (3 + -5 + 2). Suppose -4*h - 36 = -4*i - 0*h, 4*i + 5*h - 54 = 0. What is the remainder when (-2)/((-8)/v*-3) is divided by i?
8
Let k be (4/10)/((-2)/(-20)). Let c = 16 + -11. Suppose -c = -k*u + 51. What is the remainder when 41 is divided by u?
13
Suppose -2*q - 326 = -536. What is the remainder when 209 is divided by q?
104
Suppose 97 + 273 = 10*f. Suppose 0 = 5*v - v + d - f, -43 = -4*v + d. What is the remainder when 17 is divided by v?
7
Let f(y) = -y**2 + 8*y + 2. Suppose -3*v + 12 = v. Calculate the remainder when 82 is divided by f(v).
14
Let k(q) = 12*q**2 - 10*q + 20. What is the remainder when k(3) is divided by 20?
18
Suppose 4*q - 12 = 0, -q + 120 = 5*v + 4*q. Suppose -420 = -13*o + 113. What is the remainder when o is divided by v?
20
Let m(n) = n + 1. Suppose -2*w + 0*w = -26. Suppose 5 + w = 2*h. Calculate the remainder when h is divided by m(2).
0
Let v(n) = -12*n - 6 - 10 - n**2 - 4*n + n. What is the remainder when 105 is divided by v(-11)?
21
Suppose -14*n = -21*n + 1666. What is the remainder when n is divided by 61?
55
Suppose -52*n + 5*n - 10*n + 1311 = 0. Let q = 4 + -2. Suppose 5*g = -f + 24, -q*f + 2*g + 84 = 3*g. What is the remainder when f is divided by n?
21
Suppose 0 = 2*o + 4*i - 44, 5*o - 226 + 56 = 5*i. Let b(v) = -2*v**3 + 4*v**2 + 1. Let k be b(3). Let h = k - -28. What is the remainder when o is divided by h?
8
Suppose -6 = 3*w, 3*w = -2*r - w - 4. Suppose 3*c - r*c = 23. Let j(t) = 12*t**2 - 56*t - 116. Calculate the remainder when j(-2) is divided by c.
21
Let n(i) = -14*i - 3. Let s(f) = f**2 - f + 5. Let o be s(-6). Suppose o = 4*m - 25. What is the remainder when n(-4) is divided by m?
17
What is the remainder when 406 is divided by 48*((-70)/(-20) - 3)?
22
Suppose -21 + 29 = 4*d. Suppose -d*j + j - 3*t + 102 = 0, -5*j = -3*t - 438. Calculate the remainder when j is divided by 31.
28
Let l(g) = -g**3 - 8*g**2 + 5*g + 3. Let p be l(-10). Suppose 2*z + 3*u = p, -z = 2*z - 3*u - 192. Calculate the remainder when z is divided by 8.
5
Suppose 60448 = -1517*c + 1549*c. What is the remainder when c is divided by 126?
125
Let k be 934/10 - (-12)/(-30). Suppose 21 = -3*u + k. Suppose 2*y - u = 12. Calculate the remainder when 30 is divided by y.
12
Let u = 128 - 90. Let c = -20 + u. Suppose -382*w + 381*w = -5. Calculate the remainder when c is divided by w.
3
Let x = 283 + -280. What is the remainder when 7 is divided by x?
1
Let z be 1 + -3 - (-9 - -4). Suppose -z*m = 20 + 34. Calculate the remainder when (m/15)/(4/(-40)) is divided by 5.
2
Suppose 4*z + 2 = 26. Let g(v) = v**3 - 5*v**2 - 2*v + 9. What is the remainder when g(z) is divided by 12?
9
Let w(q) be the first derivative of 13*q**2/2 + 20*q + 30. What is the remainder when w(8) is divided by 42?
40
Suppose -35*g + 2*g + 3564 = 0. Suppose -5*m = 2*x - 27 - 12, -5*m + 17 = x. What is the remainder when g is divided by x?
20
Let q(p) = p**3 + 3*p**2 - 10*p - 12. What is the remainder when (-3)/(-3)*(-3 + 37) is divided by q(-4)?
10
Let s(x) be the second derivative of -x**5/20 + 5*x**4/12 - 5*x**3/6 + x**2/2 + 9*x. Calculate the remainder when 5 is divided by s(3).
1
Let l be (-10)/8 + 653/4. Suppose x + 16*m - 18*m = 86, -2*x - m = -l. What is the remainder when x is divided by 14?
12
Suppose 3*p + 3*g = 57, 7*p - 74 = 3*p - 2*g. What is the remainder when p is divided by 10?
8
Calculate the remainder when -3 - (39 + 0)/(6/(-28)) is divided by 12.
11
Let h = 4 + -2. Suppose -h*c = -0*c - 48. Suppose 15 = 3*t - c. What is the remainder when t is divided by 5?
3
Let w(g) = 7*g - 24. Let j(i) = -4*i + 12. Let l(k) = -5*j(k) - 3*w(k). What is the remainder when 10 is divided by l(6)?
4
Let h be 11*(-2)/6*-9. Calculate the remainder when 3421/h - (-1)/3 is divided by 35.
34
Let n(j) = 18*j + 7. Let g(c) = -c**2 + 9*c - 13. Let x be g(9). Let d = -2 - x. What is the remainder when n(2) is divided by d?
10
Suppose -325 = -6*x + x - 2*l, -4*x + 258 = 2*l. Calculate the remainder when 400 is divided by x.
65
Let j(g) = -13*g. Let p be (-21)/7 + 0 + 2. Calculate the remainder when 35 is divided by j(p).
9
Suppose -s + 5 = 0, -4*d - 7*s + 260 = -3*s. Calculate the remainder when d is divided by 7.
4
Suppose -2*o + 20 = -8. Let u(t) = -2*t**2 + 20*t - 24. What is the remainder when u(6) is divided by o?
10
Let r(y) = 2*y**2 - 3*y - 7. Let j(o) = 3*o**2 - 5*o - 14. Let s(k) = -2*j(k) + 5*r(k). Calculate the remainder when s(-3) is divided by 16.
12
Suppose 3*c - 22 = c. Suppose -3*n = -4*b + 5, -5*b + 3*b = -n - 1. What is the remainder when 33 - (-1 - n)/2 is divided by c?
10
Suppose -5*h = -3*r + 222, -2*h - h = 5*r - 404. Calculate the remainder when 153 is divided by r.
74
Let k(m) = -22*m - 61. What is the remainder when 192 is divided by k(-5)?
45
Suppose 50 = 3*x - 5*u, 3*u - 58 = -3*x + 32. What is the remainder when x is divided by 15?
10
Suppose -1 = 3*o - a - 21, 0 = 2*o + 5*a - 36. What